s digit of 700562690?
0
What is the ten thousands digit of 585965?
8
What is the hundred millions digit of 1049968450?
0
What is the thousands digit of 235500224?
0
What is the ten thousands digit of 1539589170?
8
What is the hundred thousands digit of 47346997?
3
What is the units digit of 131280581?
1
What is the hundred millions digit of 304580345?
3
What is the hundreds digit of 36822854?
8
What is the millions digit of 155263744?
5
What is the hundreds digit of 432982223?
2
What is the hundred millions digit of 2658014594?
6
What is the hundred thousands digit of 257172753?
1
What is the hundred thousands digit of 247599646?
5
What is the hundred thousands digit of 612440713?
4
What is the millions digit of 349768067?
9
What is the hundred millions digit of 866104567?
8
What is the millions digit of 32130241?
2
What is the thousands digit of 630782007?
2
What is the hundreds digit of 81286656?
6
What is the units digit of 29763423?
3
What is the tens digit of 191418809?
0
What is the tens digit of 1520210817?
1
What is the hundred millions digit of 106670990?
1
What is the hundred thousands digit of 2343744695?
7
What is the millions digit of 436071021?
6
What is the ten thousands digit of 414545499?
4
What is the units digit of 807640825?
5
What is the hundreds digit of 53517627?
6
What is the hundred millions digit of 802014933?
8
What is the hundreds digit of 170828244?
2
What is the hundreds digit of 426740578?
5
What is the hundred thousands digit of 753236555?
2
What is the ten thousands digit of 1213777461?
7
What is the ten thousands digit of 1808719214?
1
What is the millions digit of 6966157866?
6
What is the hundred thousands digit of 1447281384?
2
What is the millions digit of 376609684?
6
What is the units digit of 1720771457?
7
What is the ten thousands digit of 150544585?
4
What is the hundreds digit of 133542379?
3
What is the tens digit of 60259861?
6
What is the tens digit of 1480312734?
3
What is the millions digit of 28817026?
8
What is the hundred thousands digit of 4862922790?
9
What is the units digit of 870571832?
2
What is the ten thousands digit of 28855284?
5
What is the tens digit of 22278187?
8
What is the ten thousands digit of 1848281828?
8
What is the units digit of 909271822?
2
What is the hundred millions digit of 573650344?
5
What is the hundred thousands digit of 16813452?
8
What is the hundreds digit of 167106373?
3
What is the hundreds digit of 436743338?
3
What is the tens digit of 657676776?
7
What is the hundred thousands digit of 168285816?
2
What is the thousands digit of 163080585?
0
What is the ten millions digit of 47834676?
4
What is the thousands digit of 319363441?
3
What is the tens digit of 578347759?
5
What is the ten thousands digit of 33853777?
5
What is the units digit of 44439018?
8
What is the millions digit of 953872246?
3
What is the tens digit of 20535879?
7
What is the tens digit of 17637765?
6
What is the hundred thousands digit of 49641124?
6
What is the ten millions digit of 3793992568?
9
What is the hundreds digit of 14200218?
2
What is the millions digit of 87144832?
7
What is the thousands digit of 2457361585?
1
What is the thousands digit of 1283745054?
5
What is the units digit of 37240970?
0
What is the tens digit of 746813012?
1
What is the hundred millions digit of 1976159001?
9
What is the millions digit of 35922292?
5
What is the ten millions digit of 4253617186?
5
What is the thousands digit of 3805453166?
3
What is the hundreds digit of 59880707?
7
What is the hundred thousands digit of 32557008?
5
What is the millions digit of 2716528086?
6
What is the ten millions digit of 365028690?
6
What is the hundreds digit of 61875773?
7
What is the hundreds digit of 4841137369?
3
What is the units digit of 142273591?
1
What is the millions digit of 2101634399?
1
What is the hundreds digit of 184655525?
5
What is the units digit of 4960534?
4
What is the millions digit of 48942261?
8
What is the hundred thousands digit of 5976031?
9
What is the ten millions digit of 51417474?
5
What is the hundred thousands digit of 32224863?
2
What is the millions digit of 284130776?
4
What is the hundreds digit of 22792555?
5
What is the thousands digit of 108124734?
4
What is the thousands digit of 181467885?
7
What is the ten millions digit of 1806484827?
0
What is the hundred millions digit of 1397003778?
3
What is the hundred thousands digit of 5134459779?
4
What is the hundreds digit of 162591489?
4
What is the millions digit of 35778459?
5
What is the hundred millions digit of 1343808184?
3
What is the hundreds digit of 298851387?
3
What is the hundred thousands digit of 79752398?
7
What is the hundreds digit of 2963127161?
1
What is the hundred millions digit of 298105727?
2
What is the tens digit of 150424065?
6
What is the ten millions digit of 259920274?
5
What is the ten millions digit of 50140466?
5
What is the units digit of 2645697476?
6
What is the thousands digit of 145755448?
5
What is the hundred millions digit of 105428005?
1
What is the thousands digit of 1052547238?
7
What is the hundred thousands digit of 763460450?
4
What is the units digit of 2701232857?
7
What is the units digit of 17279023?
3
What is the thousands digit of 94092140?
2
What is the millions digit of 3092567161?
2
What is the ten thousands digit of 48106569?
0
What is the units digit of 20961926?
6
What is the hundred millions digit of 930299691?
9
What is the hundred millions digit of 536698050?
5
What is the tens digit of 6347129026?
2
What is the ten millions digit of 364895502?
6
What is the tens digit of 205608077?
7
What is the ten millions digit of 135238199?
3
What is the hundreds digit of 22003075?
0
What is the hundreds digit of 1699616717?
7
What is the thousands digit of 899552631?
2
What is the ten millions digit of 552347903?
5
What is the millions digit of 780323065?
0
What is the hundred thousands digit of 34868764?
8
What is the ten millions digit of 1102717251?
0
What is the units digit of 408692477?
7
What is the ten millions digit of 92511531?
9
What is the hundred thousands digit of 48163012?
1
What is the hundred millions digit of 185003552?
1
What is the millions digit of 36819557?
6
What is the thousands digit of 50109702?
9
What is the tens digit of 52784021?
2
What is the ten thousands digit of 3905220460?
2
What is the hundred millions digit of 196409366?
1
What is the thousands digit of 92000129?
0
What is the units digit of 604305383?
3
What is the millions digit of 10966769?
0
What is the tens digit of 107688625?
2
What is the hundred millions digit of 2969743628?
9
What is the hundreds digit of 696619975?
9
What is the millions digit of 993684160?
3
What is the ten thousands digit of 75695830?
9
What is the tens digit of 95941290?
9
What is the ten millions digit of 128488315?
2
What is the thousands digit of 268608229?
8
What is the hundred millions digit of 958023921?
9
What is the ten thousands digit of 9341119?
4
What is the hundreds digit of 466461169?
1
What is the millions digit of 35218984?
5
What is the hundred thousands digit of 63644690?
6
What is the thousands digit of 1263770476?
0
What is the ten millions digit of 37072663?
3
What is the thousands digit of 402052218?
2
What is the ten millions digit of 47972656?
4
What is the thousands digit of 24121479?
1
What is the units digit of 26693086?
6
What is the hundred thousands digit of 103693736?
6
What is the millions digit of 336850372?
6
What is the thousands digit of 44534279?
4
What is the hundred millions digit of 404857703?
4
What is the tens digit of 1126140860?
6
What is the hundred thousands digit of 21823718?
8
What is the hundred millions digit of 324438609?
3
What is the tens digit of 100153919?
1
What is the tens digit of 3058527936?
3
What is the hundreds digit of 2488713?
7
What is the tens digit of 117538162?
6
What is the ten millions digit of 1139579690?
3
What is the ten millions digit of 210400616?
1
What is the thousands digit of 135130302?
0
What is the units digit of 40217124?
4
What is the thousands digit of 179916637?
6
What is the tens digit of 1055762823?
2
What is the units digit of 86919572?
2
What is the units digit of 72517558?
8
What is the millions digit of 18240187?
8